{"id":5596,"date":"2024-11-28T21:52:38","date_gmt":"2024-11-28T20:52:38","guid":{"rendered":"https:\/\/coeurcristal.com\/el-circulo-de-la-perfeccion\/"},"modified":"2026-01-07T11:42:43","modified_gmt":"2026-01-07T10:42:43","slug":"el-circulo-de-la-perfeccion","status":"publish","type":"product","link":"https:\/\/coeurcristal.com\/es\/el-circulo-de-la-perfeccion\/","title":{"rendered":"El c\u00edrculo de la perfecci\u00f3n"},"content":{"rendered":"<h2><strong>El C\u00edrculo de la Perfecci\u00f3n.<\/strong><\/h2>\n<p>Nos permite trabajar de forma muy precisa sobre aspectos fragmentados de nuestro ser.<\/p>\n<p>Utilizando la difracci\u00f3n de la luz blanca, 9 colores manifestados en la materia, nos permite encontrar a la vez el origen y el resultado, la causa y la consecuencia.<\/p>\n<p>Cada uno de los 9 colores: 1 rueda Yin, 1 rueda Yang, 1 rueda Yin\/Yang, invit\u00e1ndonos a pasar de la dualidad a la <strong>Trinidad.<\/strong><\/p>\n<p>Cada aspecto fragmentado de nuestro ser tiene la oportunidad de reunirse y armonizarse <strong>, devolvi\u00e9ndolos a la unidad y a la perfecci\u00f3n original. <\/strong> <\/p>\n<p>Redescubrimos nuestro potencial creativo.<\/p>\n<h3>El C\u00edrculo de Perfecci\u00f3n nos invita a :<\/h3>\n<ul>\n<li><strong>Despertar<\/strong> plenamente nuestros <strong>dones y talentos<\/strong> dormidos.<\/li>\n<li>Acoge las frecuencias procedentes de la Fuente y de los <strong>Rayos<\/strong> Sagrados, y despierta las cualidades que nos ofrecen las Llamas Sagradas.<\/li>\n<li>Reaviva el v\u00ednculo con las esferas superiores de luz, el v\u00ednculo sagrado con lo divino.<\/li>\n<li>Facilitar el acceso y las conexiones con los Maestros Ascendidos, Arc\u00e1ngeles y Gu\u00edas de Luz.<\/li>\n<li>Facilitar el acceso a las iniciaciones ligeras<\/li>\n<li>Es un \u201cascensor\u201d, que nos permite acceder directamente a los aspectos m\u00e1s luminosos de nuestra esencia, pero tambi\u00e9n a los aspectos que necesitan reequilibrarse.<\/li>\n<li>Entonces activa la armonizaci\u00f3n de aquellas dimensiones de nuestro ser que hasta ahora han estado divididas, dispersas, perdidas u olvidadas, y que s\u00f3lo est\u00e1n esperando encontrar su direcci\u00f3n y su camino de vuelta.<\/li>\n<\/ul>\n<h3>A nivel espiritual :<\/h3>\n<ul>\n<li>Amplifica todas las percepciones y clarividencias, situ\u00e1ndolas en la alineaci\u00f3n correcta, fuera de los campos ilusorios y ego\u00edstas.<\/li>\n<li>Hace que el canal sea m\u00e1s fluido.<\/li>\n<li>Nos deposita en un espacio de Unidad dentro de Nosotros mismos, donde ya est\u00e1 todo.<\/li>\n<li>\u00c9l puede revelarnos a nosotros mismos.<\/li>\n<li>Revelar los distintos aspectos de nuestra Esencia.<\/li>\n<\/ul>\n<h3>Mental :<\/h3>\n<ul>\n<li>Aniquila la mente inferior.<\/li>\n<li>Pone la mente \u201cal servicio\u201d de la conciencia superior. Evita las distorsiones de la mente <\/li>\n<\/ul>\n<p>En su espacio, la mente calmada y apaciguada ya no perturba la meditaci\u00f3n.<\/p>\n<h3>Emocionalmente:<\/h3>\n<ul>\n<li>Calma<\/li>\n<li>Transmuta<\/li>\n<li><strong>Reestructura<\/strong><\/li>\n<li>Apacigua los conflictos internos (o los conflictos externos que se originan internamente).<\/li>\n<li>Nos ancla, nos asienta y nos deja en una esfera emocional tranquila y apaciguada.<\/li>\n<li>Ayudar\u00e1 a las personas en situaci\u00f3n de adicci\u00f3n, porque les permite redescubrir la unidad dentro de s\u00ed mismas, y sentirse bien, plenas y seguras en su propio espacio.<\/li>\n<\/ul>\n<h3>En el plano k\u00e1rmico :<\/h3>\n<ul>\n<li>Libera los recuerdos del cuerpo causal:<\/li>\n<li>A continuaci\u00f3n, revela y da acceso a las frecuencias de memoria de las ense\u00f1anzas k\u00e1rmicas, las ra\u00edces k\u00e1rmicas, para que podamos \u201cutilizarlas\u201d en la encarnaci\u00f3n actual.<\/li>\n<li>Nos muestra que <u>no<\/u> necesitamos volver a aprender lo que ya sabemos.<\/li>\n<li><strong>Nos revela esos talentos y ense\u00f1anzas que ya est\u00e1n ah\u00ed, dentro de nosotros.<\/strong><\/li>\n<li>Ser\u00eda un gran apoyo para todas las formas de terapia de vidas pasadas, a fin de evitar las autoproyecciones y las falsas identificaciones creadas por la ilusi\u00f3n egoica.<\/li>\n<li>Nos devuelve a lo esencial: lo que ya SABEMOS, lo que EST\u00c1 dentro de nosotros, vibrante, y que entonces podemos recordar para trabajar en ello.<\/li>\n<\/ul>\n<h3>F\u00edsico :<\/h3>\n<ul>\n<li>En primer lugar, devuelve las c\u00e9lulas, pero tambi\u00e9n el cuerpo en su conjunto, hacia las frecuencias originales, seg\u00fan el plan divino de perfecci\u00f3n.<\/li>\n<li>La luz y el movimiento, trabajando intensa y plenamente dentro del v\u00f3rtice cristalino as\u00ed creado, permiten una elevaci\u00f3n muy intensa de la tasa vibratoria.<\/li>\n<li>Las c\u00e9lulas que reconocen las frecuencias de cada rayo sagrado recuperan un resplandor interior y exterior m\u00e1s intenso. La piel se vuelve m\u00e1s luminosa y flexible. <\/li>\n<li>En esta sinergia de las ruedas y el c\u00edrculo, que es circulaci\u00f3n hasta el infinito, los fluidos de nuestro cuerpo circulan mejor, y las emociones se disuelven y se pacifican.<\/li>\n<li>Aporta fluidez y ligereza al cuerpo f\u00edsico, as\u00ed como a los otros 3 cuerpos: el emocional, el mental y el espiritual.<\/li>\n<\/ul>\n<p><strong>En s\u00ed mismo, es el espacio b\u00e1sico<\/strong> <strong>para cualquier trabajo sobre uno mismo o cualquier trabajo con un grupo: <\/strong> <\/p>\n<ul>\n<li>Nos permite entrar en un estado profundo de meditaci\u00f3n o atenci\u00f3n plena.<\/li>\n<li><strong>Facilita el trance hipn\u00f3tico o la canalizaci\u00f3n.<\/strong><\/li>\n<li>Facilita la comunicaci\u00f3n con el yo interior.<\/li>\n<\/ul>\n<p>Cuando lo utilizan varias personas, facilita la comunicaci\u00f3n y\/o la co-creaci\u00f3n, situando la relaci\u00f3n o relaciones en un espacio de luz.<\/p>\n<p>En este espacio de unidad colectiva, donde la comunicaci\u00f3n ya no es de personalidad a personalidad, sino de Coraz\u00f3n a Coraz\u00f3n, de Alma a Alma, compartimos nuestros Dones y Talentos, manifestando as\u00ed la <strong>Inteligencia y el Conocimiento Colectivos<\/strong>.<\/p>\n<p>&nbsp;<\/p>\n","protected":false},"excerpt":{"rendered":"<p><strong>Un C\u00edrculo de Curaci\u00f3n y Ascensi\u00f3n.<br \/>\nUn C\u00edrculo de Verdad y Autoencuentro.<br \/>\nUn C\u00edrculo de Creaci\u00f3n y Realizaci\u00f3n.<\/strong><\/p>\n","protected":false},"featured_media":4701,"comment_status":"open","ping_status":"closed","template":"","meta":{"site-sidebar-layout":"default","site-content-layout":"","ast-site-content-layout":"default","site-content-style":"default","site-sidebar-style":"default","ast-global-header-display":"","ast-banner-title-visibility":"","ast-main-header-display":"","ast-hfb-above-header-display":"","ast-hfb-below-header-display":"","ast-hfb-mobile-header-display":"","site-post-title":"","ast-breadcrumbs-content":"","ast-featured-img":"","footer-sml-layout":"","ast-disable-related-posts":"","theme-transparent-header-meta":"default","adv-header-id-meta":"","stick-header-meta":"","header-above-stick-meta":"","header-main-stick-meta":"","header-below-stick-meta":"","astra-migrate-meta-layouts":"default","ast-page-background-enabled":"default","ast-page-background-meta":{"desktop":{"background-color":"var(--ast-global-color-4)","background-image":"","background-repeat":"repeat","background-position":"center center","background-size":"auto","background-attachment":"scroll","background-type":"","background-media":"","overlay-type":"","overlay-color":"","overlay-opacity":"","overlay-gradient":""},"tablet":{"background-color":"","background-image":"","background-repeat":"repeat","background-position":"center center","background-size":"auto","background-attachment":"scroll","background-type":"","background-media":"","overlay-type":"","overlay-color":"","overlay-opacity":"","overlay-gradient":""},"mobile":{"background-color":"","background-image":"","background-repeat":"repeat","background-position":"center center","background-size":"auto","background-attachment":"scroll","background-type":"","background-media":"","overlay-type":"","overlay-color":"","overlay-opacity":"","overlay-gradient":""}},"ast-content-background-meta":{"desktop":{"background-color":"var(--ast-global-color-5)","background-image":"","background-repeat":"repeat","background-position":"center center","background-size":"auto","background-attachment":"scroll","background-type":"","background-media":"","overlay-type":"","overlay-color":"","overlay-opacity":"","overlay-gradient":""},"tablet":{"background-color":"var(--ast-global-color-5)","background-image":"","background-repeat":"repeat","background-position":"center center","background-size":"auto","background-attachment":"scroll","background-type":"","background-media":"","overlay-type":"","overlay-color":"","overlay-opacity":"","overlay-gradient":""},"mobile":{"background-color":"var(--ast-global-color-5)","background-image":"","background-repeat":"repeat","background-position":"center center","background-size":"auto","background-attachment":"scroll","background-type":"","background-media":"","overlay-type":"","overlay-color":"","overlay-opacity":"","overlay-gradient":""}}},"product_brand":[],"product_cat":[119],"product_tag":[],"class_list":{"0":"post-5596","1":"product","2":"type-product","3":"status-publish","4":"has-post-thumbnail","6":"product_cat-herramientas","7":"desktop-align-left","8":"tablet-align-left","9":"mobile-align-left","10":"ast-product-gallery-layout-vertical","11":"ast-product-gallery-with-no-image","12":"ast-magnify-disabled","13":"ast-product-tabs-layout-horizontal","15":"first","16":"instock","17":"taxable","18":"shipping-taxable","19":"purchasable","20":"product-type-simple"},"_links":{"self":[{"href":"https:\/\/coeurcristal.com\/es\/wp-json\/wp\/v2\/product\/5596","targetHints":{"allow":["GET"]}}],"collection":[{"href":"https:\/\/coeurcristal.com\/es\/wp-json\/wp\/v2\/product"}],"about":[{"href":"https:\/\/coeurcristal.com\/es\/wp-json\/wp\/v2\/types\/product"}],"replies":[{"embeddable":true,"href":"https:\/\/coeurcristal.com\/es\/wp-json\/wp\/v2\/comments?post=5596"}],"wp:featuredmedia":[{"embeddable":true,"href":"https:\/\/coeurcristal.com\/es\/wp-json\/wp\/v2\/media\/4701"}],"wp:attachment":[{"href":"https:\/\/coeurcristal.com\/es\/wp-json\/wp\/v2\/media?parent=5596"}],"wp:term":[{"taxonomy":"product_brand","embeddable":true,"href":"https:\/\/coeurcristal.com\/es\/wp-json\/wp\/v2\/product_brand?post=5596"},{"taxonomy":"product_cat","embeddable":true,"href":"https:\/\/coeurcristal.com\/es\/wp-json\/wp\/v2\/product_cat?post=5596"},{"taxonomy":"product_tag","embeddable":true,"href":"https:\/\/coeurcristal.com\/es\/wp-json\/wp\/v2\/product_tag?post=5596"}],"curies":[{"name":"wp","href":"https:\/\/api.w.org\/{rel}","templated":true}]}}

El círculo de la perfección

<h2><strong>El Círculo de la Perfección.</strong></h2>
<p>Nos permite trabajar de forma muy precisa sobre aspectos fragmentados de nuestro ser.</p>
<p>Utilizando la difracción de la luz blanca, 9 colores manifestados en la materia, nos permite encontrar a la vez el origen y el resultado, la causa y la consecuencia.</p>
<p>Cada uno de los 9 colores: 1 rueda Yin, 1 rueda Yang, 1 rueda Yin/Yang, invitándonos a pasar de la dualidad a la <strong>Trinidad.</strong></p>
<p>Cada aspecto fragmentado de nuestro ser tiene la oportunidad de reunirse y armonizarse <strong>, devolviéndolos a la unidad y a la perfección original. </strong> </p>
<p>Redescubrimos nuestro potencial creativo.</p>
<h3>El Círculo de Perfección nos invita a :</h3>
<ul>
<li><strong>Despertar</strong> plenamente nuestros <strong>dones y talentos</strong> dormidos.</li>
<li>Acoge las frecuencias procedentes de la Fuente y de los <strong>Rayos</strong> Sagrados, y despierta las cualidades que nos ofrecen las Llamas Sagradas.</li>
<li>Reaviva el vínculo con las esferas superiores de luz, el vínculo sagrado con lo divino.</li>
<li>Facilitar el acceso y las conexiones con los Maestros Ascendidos, Arcángeles y Guías de Luz.</li>
<li>Facilitar el acceso a las iniciaciones ligeras</li>
<li>Es un “ascensor”, que nos permite acceder directamente a los aspectos más luminosos de nuestra esencia, pero también a los aspectos que necesitan reequilibrarse.</li>
<li>Entonces activa la armonización de aquellas dimensiones de nuestro ser que hasta ahora han estado divididas, dispersas, perdidas u olvidadas, y que sólo están esperando encontrar su dirección y su camino de vuelta.</li>
</ul>
<h3>A nivel espiritual :</h3>
<ul>
<li>Amplifica todas las percepciones y clarividencias, situándolas en la alineación correcta, fuera de los campos ilusorios y egoístas.</li>
<li>Hace que el canal sea más fluido.</li>
<li>Nos deposita en un espacio de Unidad dentro de Nosotros mismos, donde ya está todo.</li>
<li>Él puede revelarnos a nosotros mismos.</li>
<li>Revelar los distintos aspectos de nuestra Esencia.</li>
</ul>
<h3>Mental :</h3>
<ul>
<li>Aniquila la mente inferior.</li>
<li>Pone la mente “al servicio” de la conciencia superior. Evita las distorsiones de la mente </li>
</ul>
<p>En su espacio, la mente calmada y apaciguada ya no perturba la meditación.</p>
<h3>Emocionalmente:</h3>
<ul>
<li>Calma</li>
<li>Transmuta</li>
<li><strong>Reestructura</strong></li>
<li>Apacigua los conflictos internos (o los conflictos externos que se originan internamente).</li>
<li>Nos ancla, nos asienta y nos deja en una esfera emocional tranquila y apaciguada.</li>
<li>Ayudará a las personas en situación de adicción, porque les permite redescubrir la unidad dentro de sí mismas, y sentirse bien, plenas y seguras en su propio espacio.</li>
</ul>
<h3>En el plano kármico :</h3>
<ul>
<li>Libera los recuerdos del cuerpo causal:</li>
<li>A continuación, revela y da acceso a las frecuencias de memoria de las enseñanzas kármicas, las raíces kármicas, para que podamos “utilizarlas” en la encarnación actual.</li>
<li>Nos muestra que <u>no</u> necesitamos volver a aprender lo que ya sabemos.</li>
<li><strong>Nos revela esos talentos y enseñanzas que ya están ahí, dentro de nosotros.</strong></li>
<li>Sería un gran apoyo para todas las formas de terapia de vidas pasadas, a fin de evitar las autoproyecciones y las falsas identificaciones creadas por la ilusión egoica.</li>
<li>Nos devuelve a lo esencial: lo que ya SABEMOS, lo que ESTÁ dentro de nosotros, vibrante, y que entonces podemos recordar para trabajar en ello.</li>
</ul>
<h3>Físico :</h3>
<ul>
<li>En primer lugar, devuelve las células, pero también el cuerpo en su conjunto, hacia las frecuencias originales, según el plan divino de perfección.</li>
<li>La luz y el movimiento, trabajando intensa y plenamente dentro del vórtice cristalino así creado, permiten una elevación muy intensa de la tasa vibratoria.</li>
<li>Las células que reconocen las frecuencias de cada rayo sagrado recuperan un resplandor interior y exterior más intenso. La piel se vuelve más luminosa y flexible. </li>
<li>En esta sinergia de las ruedas y el círculo, que es circulación hasta el infinito, los fluidos de nuestro cuerpo circulan mejor, y las emociones se disuelven y se pacifican.</li>
<li>Aporta fluidez y ligereza al cuerpo físico, así como a los otros 3 cuerpos: el emocional, el mental y el espiritual.</li>
</ul>
<p><strong>En sí mismo, es el espacio básico</strong> <strong>para cualquier trabajo sobre uno mismo o cualquier trabajo con un grupo: </strong> </p>
<ul>
<li>Nos permite entrar en un estado profundo de meditación o atención plena.</li>
<li><strong>Facilita el trance hipnótico o la canalización.</strong></li>
<li>Facilita la comunicación con el yo interior.</li>
</ul>
<p>Cuando lo utilizan varias personas, facilita la comunicación y/o la co-creación, situando la relación o relaciones en un espacio de luz.</p>
<p>En este espacio de unidad colectiva, donde la comunicación ya no es de personalidad a personalidad, sino de Corazón a Corazón, de Alma a Alma, compartimos nuestros Dones y Talentos, manifestando así la <strong>Inteligencia y el Conocimiento Colectivos</strong>.</p>
<p>&nbsp;</p>

<p><strong>Un Círculo de Curación y Ascensión.<br />
Un Círculo de Verdad y Autoencuentro.<br />
Un Círculo de Creación y Realización.</strong></p>
